 by 227?
213
Calculate the remainder when 256129 is divided by 2699.
2423
Calculate the remainder when 10062869 is divided by 5416.
5357
What is the remainder when 312055 is divided by 84?
79
What is the remainder when 70937107 is divided by 20?
7
What is the remainder when 243524 is divided by 3864?
92
What is the remainder when 254722 is divided by 13965?
3352
What is the remainder when 14602 is divided by 2086?
0
What is the remainder when 1609129858 is divided by 521?
518
Calculate the remainder when 8037553 is divided by 105.
13
What is the remainder when 9253615 is divided by 10990?
35
What is the remainder when 87678874 is divided by 188?
186
What is the remainder when 3449409 is divided by 344940?
9
What is the remainder when 21752390 is divided by 2128?
2102
Calculate the remainder when 3337225 is divided by 1668602.
21
What is the remainder when 173014 is divided by 824?
798
Calculate the remainder when 568932 is divided by 798.
756
What is the remainder when 750773 is divided by 248926?
3995
Calculate the remainder when 139704 is divided by 27619.
1609
What is the remainder when 105914426 is divided by 12392?
2
What is the remainder when 3928132 is divided by 85?
27
What is the remainder when 3199682 is divided by 52?
18
What is the remainder when 175389 is divided by 2284?
1805
What is the remainder when 7402 is divided by 2055?
1237
Calculate the remainder when 1998175 is divided by 117.
49
What is the remainder when 131641 is divided by 1070?
31
What is the remainder when 958996 is divided by 87180?
16
Calculate the remainder when 59979930 is divided by 649.
648
What is the remainder when 21176458 is divided by 213?
211
What is the remainder when 1357942 is divided by 9175?
42
Calculate the remainder when 59758858 is divided by 3156.
3154
What is the remainder when 73282 is divided by 618?
358
Calculate the remainder when 77309 is divided by 655.
19
What is the remainder when 852428 is divided by 20273?
962
Calculate the remainder when 69062 is divided by 17244.
86
What is the remainder when 7423881 is divided by 156?
153
Calculate the remainder when 227436213 is divided by 2713.
2710
Calculate the remainder when 13868602 is divided by 74.
40
What is the remainder when 74885 is divided by 10199?
3492
Calculate the remainder when 474154 is divided by 14251.
3871
What is the remainder when 20081643 is divided by 989?
987
What is the remainder when 4374828 is divided by 1474?
1470
Calculate the remainder when 112108 is divided by 2292.
2092
What is the remainder when 4492 is divided by 740?
52
Calculate the remainder when 2465481 is divided by 90.
21
What is the remainder when 6442867 is divided by 6?
1
Calculate the remainder when 2692972 is divided by 166.
120
What is the remainder when 359557 is divided by 3487?
396
What is the remainder when 541511 is divided by 228?
11
Calculate the remainder when 211930737 is divided by 7.
4
What is the remainder when 17968730 is divided by 14352?
26
Calculate the remainder when 33291282 is divided by 49.
45
What is the remainder when 444217 is divided by 88?
81
Calculate the remainder when 799934 is divided by 4301.
4249
What is the remainder when 14201647 is divided by 53?
32
Calculate the remainder when 168079 is divided by 56017.
28
What is the remainder when 677066 is divided by 620?
26
What is the remainder when 4686702 is divided by 1935?
132
What is the remainder when 1905359 is divided by 1558?
1483
Calculate the remainder when 76030 is divided by 18686.
1286
Calculate the remainder when 212433955 is divided by 122.
113
What is the remainder when 629421 is divided by 7111?
3653
Calculate the remainder when 133554891 is divided by 16.
11
What is the remainder when 286889 is divided by 468?
5
Calculate the remainder when 46472 is divided by 46060.
412
What is the remainder when 76941251 is divided by 68?
67
What is the remainder when 792643 is divided by 503?
418
Calculate the remainder when 635296 is divided by 2.
0
What is the remainder when 16519 is divided by 16437?
82
What is the remainder when 315648949 is divided by 1429?
1426
Calculate the remainder when 16966 is divided by 11767.
5199
What is the remainder when 73725 is divided by 1199?
586
What is the remainder when 12961654 is divided by 7?
6
What is the remainder when 16685435 is divided by 11?
8
Calculate the remainder when 1974685 is divided by 309.
175
What is the remainder when 845773 is divided by 93974?
7
What is the remainder when 154172017 is divided by 2141278?
1
What is the remainder when 14683 is divided by 4755?
418
What is the remainder when 248301 is divided by 22572?
9
What is the remainder when 4358356 is divided by 36623?
219
What is the remainder when 2017772 is divided by 3571?
157
What is the remainder when 74287406 is divided by 12381232?
14
Calculate the remainder when 1391762 is divided by 11.
9
Calculate the remainder when 56540 is divided by 134.
126
Calculate the remainder when 1348134 is divided by 20089.
2171
Calculate the remainder when 3422005 is divided by 2021.
452
Calculate the remainder when 316903 is divided by 593.
241
Calculate the remainder when 164288 is divided by 5465.
338
What is the remainder when 222455 is divided by 1256?
143
Calculate the remainder when 118080496 is divided by 34.
26
Calculate the remainder when 30725156 is divided by 251.
246
Calculate the remainder when 35851499 is divided by 68.
63
Calculate the remainder when 1310215 is divided by 182.
179
What is the remainder when 356036 is divided by 69?
65
Calculate the remainder when 27702 is divided by 1468.
1278
Calculate the remainder when 463128 is divided by 99.
6
What is the remainder when 86194 is divided by 42840?
514
Calculate the remainder when 2568399 is divided by 1284179.
41
What is the remainder when 2821779 is divided by 52255?
9
What is the remainder when 306468 is divided by 9568?
292
Calculate the remainder when 60637311 is divided by 4.
3
What is the remainder when 910562 is divided by 75880?
2
Calculate the remainder when 336121 is divided by 41632.
3065
Calculate the remainder when 115818122 is divided by 2228.
2226
Calculate the remainder when 25981451 is divided by 1039258.
1
Calculate the remainder when 411780 is divided by 31.
7
Calculate the remainder when 32465933 is divided by 16.
13
What is the remainder when 4738319 is divided by 526475?
44
Calculate the remainder when 18515 is divided by 618.
593
Calculate the remainder when 552606 is divided by 301.
271
Calculate the remainder when 3338514 is divided by 476929.
11
What is the remainder when 2227954 is divided by 218?
212
What is the remainder when 67989 is divided by 15613?
5537
Calculate the remainder when 26778 is divided by 46.
6
Calculate the remainder when 66881 is divided by 2864.
1009
What is the remainder when 3091228 is divided by 32?
28
What is the remainder when 7607341 is divided by 5807?
171
Calculate the remainder when 193531 is divided by 64393.
352
Calculate the remainder when 15310568 is divided by 834.
830
What is the remainder when 82095 is divided by 328?
95
What is the remainder when 48914 is divided by 12215?
54
Calculate the remainder when 2360072 is divided by 145.
52
Calculate the remainder when 11589436 is divided by 257543.
1
What is the remainder when 452694579 is divided by 10386?
10383
Calculate the remainder when 365962733 is divided by 9.
8
What is the remainder when 21039359 is divided by 928?
671
What is the remainder when 5317710 is divided by 12031?
8
Calculate the remainder when 129304 is divided by 1396.
872
Calculate the remainder when 70744 is divided by 416.
24
What is the remainder when 6368 is divided by 789?
56
What is the remainder when 864182 is divided by 861898?
2284
What is the remainder when 5415417 is divided by 430?
427
What is the remainder when 1724608 is divided by 7216?
7200
Calculate the remainder when 1485086 is divided by 42431.
1
Calculate the remainder when 211366854 is divided by 686256.
6
Calculate the remainder when 46183 is divided by 3295.
53
Calculate the remainder when 884089 is divided by 679.
31
Calculate the remainder when 2471821 is divided by 752.
749
Calculate the remainder when 7660218 is divided by 6099.
5973
Calculate the remainder when 2979 is divided by 295